- 2*r**2 + 5*r**2 + f*r**2. List the prime factors of b(-1).
3
What are the prime factors of (442/6 - 1)/(12/18)?
109
Suppose -101*d + 106*d = 215. What are the prime factors of d?
43
Let b(m) = -m**3 + 12*m**2 + 5. Let j(v) = v**2 - v. Let y be j(-3). What are the prime factors of b(y)?
5
Suppose -1 - 4 = -q. Suppose q*d - 26 = 9. What are the prime factors of d?
7
Let u = 85 + 91. What are the prime factors of u?
2, 11
Let n(p) = 4*p**2 + 2*p - 1. Suppose -5*z = 2*d, -2*z + 2*d - 4*d = 6. Suppose -z*g = -5*g + 6. What are the prime factors of n(g)?
19
What are the prime factors of ((-98)/4)/((-1)/2)?
7
Suppose 2*q - 8 = -2*q. Suppose z - 4*o = -14, -q*z + o - 2 = -z. List the prime factors of -2 + ((-20)/(-2) - z).
2, 3
Let h(b) = -b**3 + b + 16. What are the prime factors of h(0)?
2
Suppose 4*b + 5*j = -286, 0*j = 3*b - 4*j + 199. Let s = -33 - b. What are the prime factors of s?
2, 3
Let s = -22 + 51. What are the prime factors of s?
29
Let z(r) = -r**3 - 5*r**2 + 19*r + 5. What are the prime factors of z(-8)?
3, 5
Let a(s) = s**2 + 10*s - 11. Let r be a(-9). What are the prime factors of (r/12)/((-1)/3)?
5
Let l(w) = 2*w**2 + 8*w - 3. Let k be l(-6). Suppose -v + k = 2*v. List the prime factors of v.
7
Suppose -136 = -7*a + 130. List the prime factors of a.
2, 19
Let r(v) be the third derivative of v**6/120 - v**5/12 + v**4/12 - 2*v**2. List the prime factors of r(6).
2, 3
Let b(z) = z + 2. Let r be b(4). Suppose 0 = -3*o - r + 105. What are the prime factors of o?
3, 11
Suppose 3*v - 3*j = -9, 4*v - j + 2 - 5 = 0. Suppose 0 = -v*k + 33 + 21. List the prime factors of (k + 3)/(2 - 0).
3, 5
Let z be (18/12)/((-6)/(-4)). Suppose -3*u = -6 - 3. Let x = u - z. List the prime factors of x.
2
Let a(b) = -b**2 - 9*b - 9. Let o be (2/(-5))/(1/40). Let m = o + 9. List the prime factors of a(m).
5
Let h(m) = 7*m + 2. Let g be h(4). Suppose 2*q - 7*q + 16 = -2*y, g = 5*q + 5*y. Suppose -q*l + 17 = -27. What are the prime factors of l?
11
Let s(w) = -3*w - 8*w + 20 - 4*w + 13*w. List the prime factors of s(6).
2
Suppose 100 = 2*d - 42. What are the prime factors of d?
71
Let l(m) = -79*m - 1. What are the prime factors of l(-1)?
2, 3, 13
Let u = -31 - -19. What are the prime factors of u/(-15)*(-10)/(-2)?
2
Let k = 105 + -56. List the prime factors of k.
7
Suppose -u - 5 = -a - 56, 133 = 3*u + a. What are the prime factors of u?
2, 23
Let v = 19 + 1. List the prime factors of v.
2, 5
Let j = 10 - 8. Let d(n) = 18*n**2 - n - 1. Let p be d(j). What are the prime factors of 1/4 + p/12?
2, 3
Let g = -196 - -312. What are the prime factors of g?
2, 29
List the prime factors of 1/(((-4*1)/4)/(-62)).
2, 31
Let s = -1 + 1. Suppose 9*b = 2*a + 4*b + 6, 0 = -2*a - 2*b + 8. Suppose a*m - m - 7 = s. What are the prime factors of m?
7
Let m = 269 + -65. List the prime factors of m.
2, 3, 17
Suppose 18 = -12*s + 9*s. Let h = s - -15. What are the prime factors of h?
3
Let g(m) = 2*m + 108. What are the prime factors of g(-8)?
2, 23
Suppose -175 = -4*q + 101. What are the prime factors of q?
3, 23
Let n = -11 + 10. Let o(k) = -14*k - 1. What are the prime factors of o(n)?
13
Let z be 1/(6/(-9) + 1). Suppose -3*u = 12, 2*g - 6*g - 168 = -z*u. List the prime factors of (-3)/2 - g/6.
2, 3
Suppose -128 = -3*k + 2*y, 4*y + 214 = 4*k + k. List the prime factors of k.
2, 3, 7
Let n(f) = -6*f**2 - f + 2. Let r(x) = -x**2 + x + 1. Let j(t) = -n(t) + 4*r(t). What are the prime factors of j(-4)?
2, 7
Let m = 141 - 75. List the prime factors of m.
2, 3, 11
Let k(y) = 6*y - 11. What are the prime factors of k(7)?
31
What are the prime factors of (((-462)/35)/3)/(2/(-10))?
2, 11
Let o(z) = -2*z - 4*z + 12*z**2 + 5*z. What are the prime factors of o(-1)?
13
Let n(m) = m**3 - 7*m**2 + 7*m - 2. Let s be n(6). Suppose -s*g - 22 = -2*g. Let y = -2 - g. What are the prime factors of y?
3
Let y(p) = p**2 - 11*p + 12. Let k be y(10). Let z = k + 4. What are the prime factors of z?
2, 3
Let x = -58 + 275. Suppose 0 = -4*d - m + x, -7*d - 4*m = -3*d - 208. Suppose -23 = 2*j - d. List the prime factors of j.
2
Let d be -9*(-2)/(-6)*-1. Suppose d*n + 0*n = 30. List the prime factors of n.
2, 5
Suppose 0 = 2*h - 5 - 31. Let g = -21 + 11. Let y = g + h. List the prime factors of y.
2
Let u = 18 - -2. Suppose 2*s - 7*s = u. List the prime factors of 12*s/(-6)*3.
2, 3
Suppose 4 = -l, 5*l = 2*i - 7 - 71. Suppose -31 = -5*f + i. Suppose 0 = 2*q, -4*q + q = 4*d - f. What are the prime factors of d?
3
Let r(a) = a**3 - 7*a**2 - 5*a - 4. What are the prime factors of r(8)?
2, 5
Let f(d) = 18*d + 15. What are the prime factors of f(15)?
3, 5, 19
Let r(q) = -q**3 + 8*q**2 + q + 7. Let c be r(7). Let z = c - 36. List the prime factors of z.
3
Suppose 2*q = 4*q + 6. Let s = q - -2. Let v = s + 8. What are the prime factors of v?
7
Let w(j) = -9*j + 7. Let d(h) = 4*h - 3. Let v(c) = -7*d(c) - 3*w(c). Let y be v(-2). What are the prime factors of -8*((-9)/y)/3?
2, 3
Let l(w) = 6*w**2 - 4*w + 5. What are the prime factors of l(3)?
47
Suppose -v = 2*q - 4, 13 = -2*v + 5. Suppose 5*l + 177 = q*j + 9, -3*l = -3*j + 123. What are the prime factors of j?
37
Suppose -199 = -4*b + a, 0 = -2*b + a + 85 + 16. What are the prime factors of b?
7
Suppose -492 = -5*n + 33. Suppose -4*b + b + n = 0. List the prime factors of b.
5, 7
Let w(x) = -x**3 + 3*x**2 + 2*x + 3. List the prime factors of w(-2).
19
Let z = -50 + 70. List the prime factors of z.
2, 5
Let h be (2 - -2) + -1 - -4. Let n(r) = -r**3 + 7*r**2 + r - 2. What are the prime factors of n(h)?
5
Let w(t) = -7*t**2 - 3*t. Let q(y) = -15*y**2 - 7*y. Let a(l) = 6*q(l) - 13*w(l). Let j be a(3). Suppose k = -j*k + 11. What are the prime factors of k?
11
Suppose -28 = 2*b - 6*b. Suppose -6*d = -b*d + 27. What are the prime factors of d?
3
Let j(v) = 2*v - v + v**2 - 4 - 3*v. Let n be j(3). List the prime factors of 2 + (11 - n - 2).
2, 3
Let k(x) = x - 6. Let o be k(6). Suppose 3*u + 4*j = 113, -3 = 3*j - o. List the prime factors of u.
3, 13
Let s(t) = -2*t - 3. Let n be s(-4). Suppose n*j - 9 = 1. List the prime factors of 3/j*(-12)/(-9).
2
Let z(l) = -3*l - 3. Let k be z(-3). Suppose -m + 6*m = 4*p + 2, p = 4*m - k. Suppose g = -p*o + 2 - 3, -2*o + 11 = 5*g. What are the prime factors of g?
3
Suppose 0*m + 504 = 6*m. What are the prime factors of m?
2, 3, 7
Let o be (16/20)/((-4)/(-30)). Suppose -24 = -4*w - 2*l, -5*w + o = 5*l - 14. List the prime factors of w.
2
Let d be (-2 - -3)*15/(-5). Let f = -16 - -4. List the prime factors of ((-2)/d)/(f/(-54)).
3
Suppose -2*b + z = 5*z + 64, -44 = 2*b - z. Let o be ((-6)/(-12))/((-2)/b). Suppose f + 90 = o*f. What are the prime factors of f?
2, 3
Let w(i) be the second derivative of i**4/12 - 5*i**3/6 + 3*i**2/2 - 3*i. List the prime factors of w(5).
3
Let h be ((-6)/(-8))/(36/96). Suppose 14 = 3*d + u, -3*u + 2 = -2*d + h*u. What are the prime factors of d?
2
Let h(n) = 2*n**2 - n. List the prime factors of h(-2).
2, 5
Let j = 38 - -26. What are the prime factors of 15/(-6)*j/(-10)?
2
Suppose -2*p - 42 = -3*p. Suppose 0 = -5*z + 117 - p. What are the prime factors of z?
3, 5
Let p(u) be the second derivative of u**5/10 - 5*u**4/12 + 5*u**2/2 + 8*u. What are the prime factors of p(4)?
53
Let i(n) = -n**3 - 4*n**2 + 4*n - 1. Let d be i(-5). Suppose -j + 30 = d*j + 5*q, 0 = -5*j - 2*q + 45. What are the prime factors of j?
11
Let r(u) = 2*u + 2. Let a be r(-2). Let g(m) = -3*m - 3. Let d be g(-4). Let h = d - a. What are the prime factors of h?
11
Let z = -7 + 9. Suppose 0*k = 2*k + 5*y - 30, -30 = -z*k + 5*y. What are the prime factors of k?
3, 5
Let x(b) = -b**2 - 6*b + 7. Let a be 39/(-5) + 6/(-30). Let p be x(a). Let r = 24 + p. What are the prime factors of r?
3, 5
Suppose -4*h = -5*l - 297, -h + 5*l - 43 + 136 = 0. List the prime factors of h.
2, 17
Let o(l) = 94*l**3 - 2*l**2 + 3*l - 2. What are the prime factors of o(1)?
3, 31
Let j(z) be the first derivative of z**2/2 + 9*z - 2. Suppose -2*y - 20 = 3*y. List the prime factors of j(y).
5
Suppose u = 5*j + 52, -2*u - 3*j = u - 66. Let q = -15 + u. List the prime factors of q.
2, 3
Suppose -r = -3 + 5. What are the prime factors of (-1 + 0)/(r/38)?
19
Suppose 266 + 106 = 4*t. What are the prime factors of t?
3, 31
Let z = -2 + 10. Suppose -7*j + 12 = -3*j. List